c - 23. Let h be k(-7). Let z = -44 + h. What are the prime factors of z?
17
Suppose 2*f - 3*k - 2505 = 0, 4*f + k + k = 5034. List the prime factors of f.
3, 419
List the prime factors of (5/((-25)/214))/(45/(-900)).
2, 107
Let d(i) = i**2 - 4. Let t be d(-3). Suppose u - 2*q + 8 = 0, 0 = 5*u + 2*q - t*q + 19. List the prime factors of (-706)/(-18) + u/9.
3, 13
Let s be ((-204)/(-30))/(2/40). Suppose 0 = x - c + 6*c - 140, -x - 4*c + s = 0. List the prime factors of (1 + 5)/(18/x).
2, 5
Let k be -1 + 9 - (-12)/(-3). Let x be 4/16 - (-150)/8. Suppose -k*v = x - 75. List the prime factors of v.
2, 7
Suppose 0 = -8*k - 6*k + 686. Let o = k + -14. List the prime factors of o.
5, 7
Let o(z) = 42*z + 48. What are the prime factors of o(11)?
2, 3, 5, 17
Suppose -h = -3*k + 15812, -5*k - 2*h = -9375 - 16993. What are the prime factors of k?
2, 659
Let f be (-1)/(-4)*(-24)/(-3). Let p(h) = -f*h + 3 + 2*h - h**2 + 5*h. What are the prime factors of p(5)?
3
What are the prime factors of (1377 - 0) + (-156)/156?
2, 43
Let j be ((-6)/2)/(1/(-3)). Let i = -7 + j. Suppose i*p = 22 + 70. What are the prime factors of p?
2, 23
Suppose 2*t - 46 = -3*p - p, 2*t - 5*p = 64. What are the prime factors of t?
3
Let k(q) = -6*q**3 + 3*q**2 + 2*q + 2. Let n be k(-3). Suppose 0 = -5*u - 25, 4*x = 2*x + 5*u + n. What are the prime factors of x?
2, 5
Let x(f) = -f + 10. Let a(b) = 2*b**2 + 3*b - 1. Let l be a(-3). Let v be x(l). Suppose v*n + 4 = 2*s, -n = 3*s - 8*s + 10. List the prime factors of s.
2
Suppose 4*s - g + 23 = -4*g, -5*s = 3*g + 31. Let z be (-102)/s - (-3)/12. Suppose 32 = 3*b - z. What are the prime factors of b?
3, 5
Let z(u) = -2*u - 13. Let r be z(-11). Let i = -6 + r. Suppose -4*s + 64 = i*b, 3*s + 0*b + b - 48 = 0. What are the prime factors of s?
2
Let t(g) = -g**2 + 6*g + 10. Let h be t(7). Let w = h - -3. Suppose -w*d + 2 = -5*d. List the prime factors of d.
2
Let l(p) = p**2 + 4*p - 2. Suppose 4*t = 27 + 45. Let a = t + -15. List the prime factors of l(a).
19
List the prime factors of (0 - -1)/(2/5418*9).
7, 43
Let i(l) be the third derivative of -l**6/10 + l**5/30 + 5*l**4/24 + 5*l**3/6 - 19*l**2. List the prime factors of i(-2).
3, 11
Let g(a) = -354*a - 14. What are the prime factors of g(-1)?
2, 5, 17
Suppose 4*u + 6 = w + w, w = -u + 6. Let c be (u*-2)/((-5)/(-5)). List the prime factors of c/(-8) - 103/(-4).
2, 13
Suppose 57*y + 18711 = 66*y. What are the prime factors of y?
3, 7, 11
Let q be (1 - 4)/(-1) + 2. Suppose -q*u - 64 = -419. List the prime factors of u.
71
Let s(l) = -40*l**3 - 7*l**2 - 4*l + 24. What are the prime factors of s(-4)?
2, 311
Let s be (22/(-6) - -2)/((-9)/108). Suppose 3*z - 27 = -3*p, -4*p + 2*p + 3 = -z. Let k = s - p. What are the prime factors of k?
2
Let m(v) be the third derivative of -1/24*v**4 - 3*v**2 + 0*v - 2/3*v**3 + 0 + 1/60*v**5. List the prime factors of m(-3).
2
Suppose 3*p = -3*x + 420, 5*x = p + 2*x - 144. Let s = p + 9. What are the prime factors of s?
2, 3, 5
Let m be 106/(-8) + (-1)/(-4). Let a be (-5)/35 + (-3)/(-21). What are the prime factors of (a - (m + 3)) + 3?
13
Suppose 5*x = 143 + 297. Suppose 40 = 2*q - x. What are the prime factors of q?
2
Suppose -i = -6*i + 1350. Suppose 0 = 2*g - 8 - 2, 5*j - i = -5*g. What are the prime factors of j?
7
Let o be (0 - 6/9)*-3. Suppose 4*g + 5*w + 12 = o*g, -5 = g + 2*w. Let a = 23 + g. List the prime factors of a.
2, 11
Let m(r) = -r**3 - 9*r**2 - 7*r + 11. Let b be m(-8). Suppose -241 = -4*q - 3*l, -b*q - 4*l + 146 = -26. List the prime factors of q.
2
What are the prime factors of (-648)/(-1404) + (-30746)/(-26)?
7, 13
What are the prime factors of (-15)/(-6)*(3 - (-2979)/45)?
173
What are the prime factors of (-27000)/(-14) - (-176)/(-308)?
2, 241
Suppose 2 - 12 = -2*i. Let m(y) = -11*y + 8 + i*y + 7*y. What are the prime factors of m(8)?
2
Suppose -x - 11*n + 93 = -6*n, 467 = 4*x + n. List the prime factors of x.
2, 59
Let t(m) = 25*m**2 - 6*m - 13. What are the prime factors of t(-4)?
3, 137
Let l(p) = 4*p + 3. Let g be l(-11). Let o = g + 100. List the prime factors of o.
59
Let c(d) be the first derivative of -6*d**4 - d**2/2 - d + 3. Suppose 3*q = 5*q + 2. List the prime factors of c(q).
2, 3
Let h(y) = y**2 + 2*y + 3. Let i(t) = -2*t**2 - 3*t - 6. Let w(v) = -13*h(v) - 6*i(v). Let k = 21 - 26. What are the prime factors of w(k)?
2, 3
Suppose -18 = 3*s - 318. What are the prime factors of s?
2, 5
Let z(s) be the first derivative of -4*s**2 + s + s**2 - 2 - 6*s - 3. List the prime factors of z(-7).
37
Let x(w) = -w + 10*w**3 + 1 - 9*w**3 + 2. Let a be x(3). Suppose -p = -a - 14. List the prime factors of p.
41
List the prime factors of (8/(-6))/(8/(-2148)).
2, 179
Let o be (48/(-14))/(-4 - 1575/(-392)). Let l = o + 363. What are the prime factors of l?
3, 19
Let u(j) = 177*j**2 - 29*j - 104. What are the prime factors of u(-5)?
2, 7, 11, 29
Let d be 9/(-6)*(-1264)/6. Suppose -o - 26 = 5*u - 391, 4*u = 4*o + d. Let k = u + -38. What are the prime factors of k?
2, 3
Suppose -18*o - 170 = -5516. What are the prime factors of o?
3, 11
Suppose -8 = -10*j + 2. What are the prime factors of (87 - -12 - (j - 0)) + 4?
2, 3, 17
What are the prime factors of 0 - 1039/(-3) - 432/(-648)?
347
Suppose 9*z = 12*z + 1107. List the prime factors of z/(-4) + (-2)/8.
2, 23
Suppose 169 + 441 = 2*z. Suppose -81 + z = 7*x. List the prime factors of x.
2
Let g = -691 - -677. Let y be 16*-4*1/2. Let z = g - y. What are the prime factors of z?
2, 3
Let j = -1075 + 3152. What are the prime factors of j?
31, 67
Suppose 1710 = 5*j - 0*j. Suppose -11*f + 5*f + j = 0. List the prime factors of f.
3, 19
Let o be 28/8 - (-3)/6. Let r(c) = c**3 - 6*c + 4. Let g be r(o). List the prime factors of -4*g/8*-2.
2, 11
Suppose -4*h + 2932 = 2*x, -5*x = 2*h - 2*x - 1470. List the prime factors of h.
2, 3, 61
Let r(m) = -2*m**2 + m + 4. Let v be r(0). Let h(p) = 1 + 2*p + 0 - 4*p**2 + v*p**2 + 2*p**2. List the prime factors of h(-4).
5
Suppose -2*m + 1 = 5*d - 11, -16 = -2*d + 2*m. List the prime factors of (3 + (-309)/9)/(d/(-6)).
47
Let p = 877 + -402. What are the prime factors of p?
5, 19
Let r = -16 - -17. Let o = 11 - 4. What are the prime factors of (o - -4) + r + -1?
11
Let t(g) = -3*g - 5*g + 1 + 3*g + 3*g. Let h be t(-2). Suppose h*k + 2*m = 20, 0 = -4*k + 2*m - 7 + 23. What are the prime factors of k?
2
Suppose 0 = -3*c + 317 - 314. Let t(k) = 6*k - 4. Let a(w) = -7*w + 3. Let m(o) = -3*a(o) - 2*t(o). What are the prime factors of m(c)?
2
Let z = 5 + -3. Suppose 5*f - 2*f = m - 15, -38 = -2*m - z*f. What are the prime factors of 16/40 - m/(-5)?
2
Suppose -4*m = -0*n + n - 3, n + m - 3 = 0. Suppose 3*k = -4*b + 7*k + 180, -n*b - 4*k = -170. What are the prime factors of b?
2, 5
Suppose 0*k + k - 284 = 0. Suppose 2*z + k = 4*z. Suppose 4*d = 14 + z. What are the prime factors of d?
3, 13
Let w = -197 - -330. List the prime factors of w.
7, 19
Suppose 5*n = k + 65, 8*k + 3*n + 185 = 3*k. What are the prime factors of (-2 + 5/10)*k?
2, 3, 5
Suppose -9*d - 390 = -11*d. Suppose -3*f - z + 204 = 0, 2*f = 2*z + d - 59. What are the prime factors of f?
2, 17
Let j = -185 - -735. Suppose 0*g + j = 5*g. What are the prime factors of g?
2, 5, 11
Suppose -30 = 3*l + 2*l. Let z = -4 - l. Suppose 4*m - 5*a + 8 = 1, 2 = 4*m - z*a. What are the prime factors of m?
2
Suppose -13*b + 1278 + 789 = 0. List the prime factors of b.
3, 53
Let r be (3 - 4) + -64 + 1. Let y = r - -104. Suppose -3*a + 5*b + y = 0, 2*a = 3*b + 3 + 23. List the prime factors of a.
2, 5
Let t(r) be the third derivative of r**7/2520 - r**5/20 - r**4/8 - r**2. Let u(m) be the second derivative of t(m). List the prime factors of u(-5).
19
Let b = 89 - 217. Let h = -83 - b. What are the prime factors of h?
3, 5
Let l be -9*(-4 - 1)/(-5). Let x(p) = -p**3 - 9*p**2 - p + 11. List the prime factors of x(l).
2, 5
Let p = 5319 + -2013. What are the prime factors of p?
2, 3, 19, 29
Let j(x) = 35*x - 5. Let z be j(4). Let b = z + -12. Suppose 7 = 5*s - b. List the prime factors of s.
2, 13
Let a(u) = 19 - 51 + 32*u + 34 + 16. What are the prime factors of a(7)?
2, 11
List the prime factors of (-5654)/4*(15 - (-68)/(-4)).
11, 257
Let l(i) = 5*i + 32. Let y(m) = 11*m + 63. Let p(q) = -7*l(q) + 3*y(q). What are the prime facto